 - 76349 = 44*g. Is g composite?
True
Let k(v) = v**3 - 7*v**2 - 20*v - 39. Let u be k(-5). Suppose -4*g = 2*l - 840, -3*l - 2*l + 2136 = -2*g. Let x = u + l. Is x a composite number?
True
Let r = 98 + 18. Let t = 579 - r. Suppose 191 = f + 2*p, 4*f - p + t = 1227. Is f prime?
True
Suppose -5*y - 10*f + 39085 = -13*f, 5*f - 39085 = -5*y. Is y prime?
True
Suppose -8*y + 6*y = 4496. Let z = 1013 - y. Is z a composite number?
True
Let x be (18/21)/((-4)/(-14)). Suppose 0*p + 5*p + x*f - 4 = 0, 3*p - 3*f = 12. Suppose -p*m + 80 = -c, 0 = -5*m - 3*c + 5*c + 198. Is m composite?
True
Suppose 8 = 2*c, 6*l + c + 9960 = 10*l. Is l a composite number?
True
Let a(b) = b**2 + 5*b + 13. Let j(y) = -2*y**2 - y. Let d be j(2). Let r be a(d). Is r/6*(-34)/(-3) composite?
True
Let k = -5099 + 8812. Is k a prime number?
False
Is 1540721/147 - 10/105 prime?
False
Let j be 1328/(2*(-2)/10). Suppose 3*i = n - 9, -4*i + 4 + 0 = 4*n. Is (j/12)/((-2)/n) a composite number?
True
Let u be (1 - 3 - 9) + 3. Let c be (u/(-10))/((-10)/(-25)). Is (6/(-18))/(c/(-708)) composite?
True
Let r(t) = 16*t**3 - 6*t**2 - 21*t - 1129. Let m(b) = 3*b**3 - b**2 - 4*b - 226. Let k(h) = 11*m(h) - 2*r(h). Let p be k(0). Let x = -10 - p. Is x prime?
False
Let r = 260 + 11645. Is r a composite number?
True
Let o(d) = 4187*d + 8. Is o(9) a prime number?
True
Let y = -1 - 0. Let t(h) = 1089*h**3 - 2*h**2 + h + 2. Let s be t(y). Let k = -693 - s. Is k a prime number?
True
Let y = 14 + -9. Suppose 4*p = -y*w + 4334, 2224 = 2*w + 3*p + 496. Suppose -2*x = -2*v - 7*x + 339, 5*x - w = -5*v. Is v a composite number?
True
Let d(i) = -37*i**3 - 2*i**2 + 5*i + 3. Is d(-8) composite?
True
Is (-304227)/(-45) + 0 + 2/5 composite?
False
Suppose -4*s = -3*y - 8 - 0, 2*s - 4 = 5*y. Suppose 1977 = -2*x + 7*x + s*t, -4*x = 2*t - 1580. Is x prime?
True
Let k(i) be the second derivative of 0 + 7/5*i**5 - 1/2*i**2 + 1/2*i**3 + 5*i + 1/12*i**4. Is k(2) composite?
False
Let i be 9/(-4 + (1 - -2)). Let l(n) = -102*n - 15. Let v be l(i). Suppose 4*g + v = 2419. Is g a composite number?
False
Let m(n) be the third derivative of 10*n**2 + 0*n + 0 - 1/2*n**3 + 191/12*n**4. Is m(1) composite?
False
Suppose 5*x = 5, x - 26 = -3*z - 10. Suppose -62562 = -11*u + z*u. Is u a prime number?
True
Suppose 34*l - 25*l - 1071 = 0. Is l a composite number?
True
Suppose 2*u = -2*t + 124494, -20*t + 23*t + 2*u - 186737 = 0. Is t composite?
True
Is (4/12*-3)/(-1) - -6906 composite?
False
Let y = 14 + -9. Suppose -741 = -y*v + 84. Suppose 0 = 7*l - 2*l - v. Is l a composite number?
True
Suppose 0 = 2*h - 7*h + 8140. Suppose 0*r = 4*r - h. Let x = r + -258. Is x a composite number?
False
Let t be (((-5)/5)/(-1)*7)/1. Let h(b) = 5*b**2 - 2. Let w be h(6). Suppose z + y = w, -3*z - 2*y + t*y = -534. Is z composite?
True
Let v = 8497 + -2880. Is v prime?
False
Suppose 0 = 2*l + 5 - 13. Let i be (-33)/(-15) + 1/(-5). Suppose -4*z + 3*z = -i*g + 615, l*g - z - 1229 = 0. Is g prime?
True
Let o(y) = 3*y - 9. Let a be o(4). Let f be (-2 - -1)*a + 225. Let k = -95 + f. Is k composite?
False
Suppose -4*q + 0*q - 5*w + 1669 = 0, -5*q - 4*w = -2093. Suppose -q = -5*a + 1234. Is a composite?
False
Let l = -2 + 4. Let s(c) = 14*c**2 - 5 - 7*c**l - c**3 + 18*c + 16. Is s(8) a prime number?
False
Suppose 24*b - 59460 = 12*b. Is b prime?
False
Let j(p) = 240*p**2 - p - 4. Let y be j(-2). Is (y/(-3))/(2/(-3)) prime?
True
Let z(k) = 30*k**3 + 16*k**2 + 4*k - 83. Is z(8) composite?
False
Let y(g) = -2*g**3 - 16*g**2 - 12*g - 1. Let b(v) = v**2 + v + 1. Let n(d) = 6*b(d) + y(d). Let l(m) = -7*m**2 - m. Let c be l(-1). Is n(c) a composite number?
False
Is 123/2*406/21 a prime number?
False
Suppose -p + 2422 = 5*h, -3829 = -2*p - 2*h + 1007. Is p a prime number?
True
Suppose -7*w + 1520 = -2*w. Suppose -l - w = -0*l. Let s = l + 693. Is s a prime number?
True
Suppose 3*i - 15273 = -0*i. Is i prime?
False
Is 3/(-12) + (-49005)/(-4) a composite number?
False
Let c = -15 - -17. Let m(x) = -88*x**3 + 14 - 3*x**2 + 6*x - x**c + 87*x**3. Is m(-7) a composite number?
True
Suppose v - 7 + 2 = 0. Suppose -a - 2*n = n - v, 0 = n + 2. Suppose a*g - 16*g + 4265 = 0. Is g a composite number?
False
Let h = 99 + -68. Suppose -1 = 6*o - h. Suppose -162 = -o*g + 723. Is g a prime number?
False
Let t(m) = 294*m + 101. Is t(17) composite?
False
Let g(l) = 2 - 11*l - 11*l - 2. Let q be g(-3). Suppose z = -z + q. Is z a composite number?
True
Suppose 4*i - 2*i + 2*d - 14 = 0, -2 = 4*i - 2*d. Suppose -i*r + 3*x = -2*x - 93, r + 5*x = 84. Is r prime?
True
Suppose -2*u + 19 - 1 = 0. Is (u/18)/((-1)/(-1706)) a prime number?
True
Let a = 31360 + -2761. Is a prime?
False
Suppose 6*t - 2*t = -2*i + 1832, 1830 = 4*t + i. Suppose -t = -4*v + 3*c, -2 = 2*c - 4*c. Is v composite?
True
Suppose -3*w + 2*w + 711 = 0. Let f be (-4 - -5)/(1/356). Let g = w - f. Is g a prime number?
False
Is 4/(-18) + (1 - 225808/(-72)) a prime number?
True
Is 6914/((-8)/(-14 + 6)) prime?
False
Suppose 3*b = -4588 + 25927. Is b a prime number?
False
Let i(n) = 6*n**2 + 6*n + 3. Let s(p) = -7*p**2 - 7*p - 4. Let g(l) = -6*i(l) - 5*s(l). Let y be g(-3). Is (-3)/y + 12565/20 a composite number?
True
Let u(x) = -7*x**3 + 4*x**2 + 39*x - 37. Is u(-13) composite?
False
Let d be 0 + (-5 - -3) - 2. Let i(x) = -406*x - 9. Let l be i(d). Suppose -3*g = -8*g + u + l, u + 323 = g. Is g a prime number?
False
Let z(s) = 279*s**2 + 13*s + 14. Is z(12) prime?
False
Let u(s) be the second derivative of -s**5/20 + s**4/3 + s**3 + s. Let g be u(5). Suppose -g*j - 175 = -5*p, -4*p - 2*j = -36 - 80. Is p a composite number?
False
Let q(h) = h**3 - 14*h**2 - 10*h + 23. Is q(18) a prime number?
False
Let u(j) = 43*j + 5. Let r(v) = 3*v + 1. Let h be r(1). Suppose 5*c - 58 = 2*t, -t + h = 3*t. Is u(c) composite?
False
Suppose 57 = -5*f + 8*f. Suppose -j + 0*j = 3*d - f, 5*d = -3*j + 37. Suppose -4*y + 9*i + 577 = 4*i, 5*y - d*i - 720 = 0. Is y composite?
True
Let l(x) be the second derivative of 11*x**4/2 - 4*x**3/3 - 21*x**2/2 - 8*x. Is l(-4) a composite number?
True
Suppose -10*c + 8*c + 1412 = 2*t, 0 = -3*c - 4*t + 2115. Is c prime?
True
Is (-414581)/(-6) + 82/492 composite?
True
Let d be 1229/(-3) + 12/18. Let b = d + 704. Is b prime?
False
Let b(w) = -2*w + 1. Let g be b(-2). Suppose 994 - 5589 = -g*n. Is n a composite number?
False
Suppose 2*c = -98 + 770. Suppose -y - 5*a = y - c, 2*y - 318 = 4*a. Is y a prime number?
True
Suppose d - 2 = 19. Suppose -2*q + 5 = -3*o, -5*q = 3*o - 2*o - d. Suppose -5*s + 2*f + 290 = 0, -q*s - 5*f + 209 = -23. Is s a prime number?
False
Suppose -3*d = d - 24. Suppose 0 = -3*w - d, 3*w - 5451 = 5*p + w. Let x = p - -1644. Is x prime?
False
Suppose -7*q + 11832 = -4499. Is q a composite number?
False
Suppose -8*b + 1571 + 21077 = 0. Is b composite?
True
Let a(x) = 233*x**2 - x + 67. Is a(10) prime?
True
Let w(o) be the second derivative of 59*o**4/6 - o**3/6 + 3*o**2/2 + 18*o. Is w(2) composite?
True
Suppose -18*i = -35*i + 398327. Is i a composite number?
False
Suppose 5*g - 912 = -3*r + 2*r, -r = -5*g + 918. Suppose -3*x + 89 = -0*n + 4*n, -5*x + g = -2*n. Is x a prime number?
False
Let v(b) = -b**3 + 4*b**2 - 3*b - 2. Let m be v(4). Let z(w) = -w**3 - 12*w**2 + 13*w - 29. Is z(m) composite?
False
Let o = 5368 + -3035. Is o a prime number?
True
Let z(l) = 0 - 6 + 9 + 10 - 389*l. Let g be z(7). Is g/(-25) + (-3)/(-5) prime?
True
Let k = -6 - -11. Suppose 5*o - t - 1906 = 0, -k*o = -3*o - 2*t - 764. Is o prime?
False
Let j = -36 + 29. Let f(w) = w**3 + 7*w**2 - 7*w - 10. Is f(j) a composite number?
True
Let y(a) = a + 89. Let r = 16 + -25. Let j be 2/6 + 3/r. Is y(j) prime?
True
Let g(n) = 122*n**2 - 5*n + 11. Let p be g(3). Let x = 1845 - p. Is x a prime number?
True
Let z = 3221 + 4596. Is z a composite number?
False
Let l(c) = c - 9. Let s be l(11). Let u(m) = -16 + 12*m - 4*m + 32*m**2 - 31*m**s. Is u(15) composite?
True
Is 12/(-54) + (-7419538)/(-126) composite?
True
Let o(w) = 2*w**3 - 8*w**2 + 3*w - 2. Let j be o(5). Suppose 58*g = j*g - 1895. Is g a composite number?
False
Let w be ((-33)/6)/(-1)*4. Suppose 33 = 2*l + 4*y + y, 0 = -3*l - 2*y + w. Suppose l*i + 44 = 8*i. Is i a composite number?
False
Suppose -z - 2*s + 523 = 0, 5*z = -0*z + 2*s + 2675. Suppose -3*c = t - 271 - 5, 0 = -2